a prime number?
False
Is 18831686035 prime?
False
Is 736355441 a composite number?
False
Is 90025743989 prime?
False
Is 20511924841 a prime number?
False
Is 3667702001 prime?
False
Is 202695359 prime?
True
Is 44396923403 a composite number?
True
Is 5797926431 a prime number?
False
Is 59317414133 prime?
True
Is 147964493 a composite number?
True
Is 25808760011 a prime number?
True
Is 1299310931 prime?
False
Is 18405144229 a prime number?
True
Is 534733061 prime?
False
Is 2224737787 a composite number?
False
Is 845950549 composite?
True
Is 206641529 composite?
False
Is 369631051 a prime number?
False
Is 18141121139 prime?
True
Is 73474871 a composite number?
False
Is 1609834217 composite?
True
Is 25432248869 prime?
False
Is 2004017 a composite number?
False
Is 10042134799 a prime number?
True
Is 2861929803 composite?
True
Is 6678485189 a prime number?
True
Is 408187823 a composite number?
True
Is 2272072433 composite?
False
Is 6048586433 composite?
True
Is 162463380491 a prime number?
True
Is 7607613859 composite?
False
Is 9483074707 composite?
False
Is 1595195143 a composite number?
False
Is 4968858065 a composite number?
True
Is 2827970801 a composite number?
True
Is 368712134041 composite?
False
Is 104100062587 a composite number?
False
Is 1365505873 prime?
True
Is 1646955847 a prime number?
False
Is 427120219 a prime number?
False
Is 16842004637 a prime number?
True
Is 1259171003 prime?
True
Is 11249542723 prime?
False
Is 7118015557 prime?
True
Is 10412773999 composite?
True
Is 3133995173 prime?
True
Is 94623053 a composite number?
True
Is 9630613319 a composite number?
False
Is 782552171 a composite number?
True
Is 77406767453 a prime number?
False
Is 3126624607 composite?
True
Is 88098677 composite?
False
Is 43016334769 a prime number?
False
Is 129366647 prime?
True
Is 1535991679 composite?
False
Is 12843440263 a prime number?
True
Is 8174511031 a prime number?
True
Is 672118019 prime?
True
Is 4725733289 prime?
True
Is 593446481 a prime number?
True
Is 4652186359 prime?
True
Is 490343881 a prime number?
True
Is 82691071 prime?
False
Is 135663597959 composite?
False
Is 19357661 a prime number?
True
Is 466198921 prime?
False
Is 990549031 prime?
True
Is 4755561751 composite?
True
Is 1485458467 composite?
False
Is 6560540131 prime?
True
Is 2508772961 a prime number?
True
Is 3375516493 composite?
True
Is 5051313703 a prime number?
False
Is 11673115771 a composite number?
False
Is 3111666755 a composite number?
True
Is 59510474243 a prime number?
False
Is 260112989 a composite number?
True
Is 21845773669 prime?
True
Is 775500809 a prime number?
True
Is 733845157 prime?
True
Is 10963498303 a prime number?
False
Is 12035066143 a prime number?
False
Is 737643223 composite?
False
Is 193065463 a composite number?
False
Is 1176610291 composite?
True
Is 1551638449 a composite number?
True
Is 32352564929 a composite number?
False
Is 10551678707 a composite number?
False
Is 21134844541 prime?
False
Is 8005707583 a composite number?
True
Is 36362797 composite?
False
Is 79685180537 composite?
True
Is 914118221 a composite number?
True
Is 855594629 a prime number?
True
Is 9206663189 prime?
True
Is 1748506187 composite?
True
Is 498557391 prime?
False
Is 6792780415 a prime number?
False
Is 257425249 composite?
False
Is 167589769 composite?
True
Is 397738741 composite?
True
Is 4289598767 a composite number?
False
Is 10451609783 prime?
True
Is 19190903107 a composite number?
True
Is 201039583 prime?
True
Is 186251737277 prime?
False
Is 22405541758 a prime number?
False
Is 1604634923 prime?
True
Is 2621752843 a composite number?
False
Is 1673294507 a prime number?
False
Is 18596464891 a composite number?
False
Is 579138649 prime?
False
Is 244645567 a prime number?
False
Is 25574175101 a prime number?
False
Is 138477427373 a composite number?
True
Is 82041872027 a composite number?
True
Is 28571409233 a prime number?
True
Is 1910577481 composite?
True
Is 55456277509 a prime number?
True
Is 2157304697 composite?
False
Is 856770699 composite?
True
Is 2779416943 a composite number?
False
Is 25002180955 prime?
False
Is 4685106611 a composite number?
True
Is 2881776259 composite?
True
Is 12090779 prime?
False
Is 2274709487 prime?
False
Is 56180479 a composite number?
False
Is 3139694287 composite?
False
Is 755506121 a composite number?
True
Is 41259741073 a prime number?
True
Is 250728936637 composite?
True
Is 762872347 a composite number?
True
Is 5493297239 a prime number?
False
Is 5440287907 composite?
True
Is 4454231953 a prime number?
True
Is 4643024303 prime?
True
Is 946947829 composite?
False
Is 2117832799 prime?
True
Is 738890177 prime?
False
Is 1751446867 a composite number?
True
Is 99978528362 prime?
False
Is 9330863 composite?
True
Is 129477209 a prime number?
True
Is 12612649919 composite?
False
Is 11357514569 a prime number?
True
Is 5075735629 prime?
True
Is 1526061981 a composite number?
True
Is 1134305219 prime?
True
Is 1786232753 a composite number?
False
Is 3557174381 a composite number?
True
Is 4952173109 a prime number?
False
Is 1797810787 a composite number?
False
Is 4994444623 a composite number?
True
Is 402088217 a prime number?
True
Is 189789827 a composite number?
False
Is 1999027991 a composite number?
True
Is 59812175201 composite?
False
Is 88884629023 composite?
False
Is 109309411 a composite number?
False
Is 404925977 a prime number?
True
Is 1467346519 composite?
True
Is 1300571761 a composite number?
False
Is 80716147591 a composite number?
False
Is 1842660049 composite?
False
Is 41249476087 a prime number?
True
Is 2860057873 a prime number?
False
Is 15043952447 a prime number?
False
Is 47410791473 prime?
False
Is 4758055301 a composite number?
True
Is 7509277837 prime?
False
Is 8077974907 a composite number?
True
Is 88150415 a prime number?
False
Is 559662707 prime?
True
Is 8935878326 composite?
True
Is 11818373353 prime?
True
Is 4683818999 a prime number?
True
Is 10557094915 a composite number?
True
Is 2497398931 a prime number?
False
Is 14469413549 a prime number?
False
Is 8557397129 composite?
False
Is 3444579899 composite?
True
Is 16422496421 a composite number?
False
Is 1847892023 a prime number?
True
Is 44673308189 composite?
False
Is 1288952491 a composite number?
False
Is 50520886063 composite?
False
Is 25114396411 a composite number?
True
Is 24860908441 a prime number?
True
Is 326321521 a prime number?
True
Is 4035077147 a prime number?
False
Is 19885397449 composite?
True
Is 3041440313 composite?
True
Is 27060591083 composite?
True
Is 160304358209 a composite number?
False
Is 2548438469 composite?
False
Is 128524486763 a composite number?
True
Is 11926376081 prime?
True
Is 36024587279 a composite number?
False
Is 46692891053 a composite number?
False
Is 16078264907 a prime number?
True
Is 8693610557 composite?
True
Is 5359086283 a prime number?
False
Is 2003719281 prime?
False
Is 558960079 a composite number?
False
Is 3594342071 composite?
True
Is 214074611545 prime?
False
Is 10314982421 prime?
False
Is 7171387631 prime?
True
Is 75862733 a prime number?
True
Is 83973457 a composite number?
False
Is 1021146679 a composite number?
True
Is 2517774601 prime?
True
Is 947397469 prime?
False
Is 8256884621 prime?
True
Is 21322464209 a prime number?
True
Is 1253572217 a composite number?
False
Is 112874316277 a composite number?
False
Is 7618646909 prime?
True
Is 599009729 composite?
False
Is 5546681003 a prime number?
False
Is 29275710613 a prime number?
True
Is 79075996433 composite?
True
Is 714628639 a prime number?
False
Is 437390101 a prime number?
False
Is 4169291645 prime?
False
Is 21705384893 a composite number?
True
Is 28971173879 prime?
True
Is 5902831586 a composite number?
True
Is 89485304869 a prime number?
True
Is 502443829 a composite number?
True
Is 8911650131 prime?
True
Is 855632971 composite?
True
Is 121829523379 prime?
True
Is 125012819 prime?
True
Is 56022660959 a prime number?
True
Is 2306549689 composite?
False
Is 3234457103 prime?
False
Is 721348777 composite?
True
Is 12418909883 prime?
True
Is 932077219 prime?
True
Is 119879983 a prime number?
False
Is 2994916721 a composite number?
True
Is 19589022203 a composite number?
False
Is 272019031 a prime number?
True
Is 3313562173 prime?
False
Is 20533003441 a comp